{"id":19,"date":"2017-10-05T14:24:40","date_gmt":"2017-10-05T12:24:40","guid":{"rendered":"http:\/\/revistoncorps.com\/?page_id=19"},"modified":"2022-03-04T19:58:17","modified_gmt":"2022-03-04T18:58:17","slug":"tarifs","status":"publish","type":"page","link":"https:\/\/revistoncorps.com\/index.php\/tarifs\/","title":{"rendered":"Tarifs"},"content":{"rendered":"<p>[vc_row css=\u00a0\u00bb.vc_custom_1507564231558{padding-top: 30px !important;}\u00a0\u00bb][vc_column][vc_column_text]<\/p>\n<h2 style=\"text-align: center;\">Tarifs<\/h2>\n<p>[\/vc_column_text][\/vc_column][\/vc_row][vc_row][vc_column width=\u00a0\u00bb1\/5\u2033][\/vc_column][vc_column width=\u00a0\u00bb1\/5\u2033][na_price_listing style=\u00a0\u00bbmega-price-table-5\u2033 price_title=\u00a0\u00bbNaturoth\u00e9rapie (dur\u00e9e 1h)\u00a0\u00bb price_currency=\u00a0\u00bb\u20ac\u00a0\u00bb price_amount=\u00a0\u00bb40\u2033 price_plan=\u00a0\u00bbPrix T.T.C\u00a0\u00bb btn_text=\u00a0\u00bbPrendre rendez-vous\u00a0\u00bb btn_url=\u00a0\u00bbhttp:\/\/revistoncorps.com\/index.php\/contact\/\u00a0\u00bb top_bg=\u00a0\u00bb#37b048\u2033 price_bg=\u00a0\u00bb#ffffff\u00a0\u00bb]<\/p>\n<ul>\n<li>Analyse du\/des probl\u00e8me(s)<\/li>\n<li>Conseils<\/li>\n<li>Soins par huiles essentielles si n\u00e9cessaire<\/li>\n<li>Suivi par mail ou t\u00e9l\u00e9phone apr\u00e8s les s\u00e9ances<\/li>\n<\/ul>\n<p>\u00a0<\/p>\n<p>\u00a0<\/p>\n<p>\u00a0<\/p>\n<p>\u00a0<\/p>\n<p>\u00a0<\/p>\n<p>[\/na_price_listing][\/vc_column][vc_column width=\u00a0\u00bb1\/5\u2033][na_price_listing style=\u00a0\u00bbmega-price-table-5\u2033 price_title=\u00a0\u00bbS\u00e9ance Psycho neuro nutrition (PNN) (dur\u00e9e 2h)\u00a0\u00bb price_currency=\u00a0\u00bb\u20ac\u00a0\u00bb price_amount=\u00a0\u00bb157\u2033 price_plan=\u00a0\u00bbPrix T.T.C\u00a0\u00bb btn_text=\u00a0\u00bbPrendre rendez-vous\u00a0\u00bb btn_url=\u00a0\u00bbhttp:\/\/revistoncorps.com\/index.php\/contact\/\u00a0\u00bb top_bg=\u00a0\u00bb#37b048\u2033 price_bg=\u00a0\u00bb#ffffff\u00a0\u00bb]<\/p>\n<ul>\n<li>Prise de contact (anamn\u00e8se)<\/li>\n<li>Explication du fonctionnement de la PNN en vue d\u2019autonomie<\/li>\n<li>Mise en place d\u2019un plan d\u2019action et de challenges sur 9 mois<\/li>\n<\/ul>\n<p>\u00a0<\/p>\n<p>\u00a0<\/p>\n<p>\u00a0<\/p>\n<p>[\/na_price_listing][\/vc_column][vc_column width=\u00a0\u00bb1\/5\u2033][na_price_listing style=\u00a0\u00bbmega-price-table-5\u2033 price_title=\u00a0\u00bbCoaching en Psycho neuro nutrition (dur\u00e9e 10 mois)\u00a0\u00bb price_currency=\u00a0\u00bb\u20ac\u00a0\u00bb price_amount=\u00a0\u00bb990\u2033 price_plan=\u00a0\u00bbPrix T.T.C\u00a0\u00bb btn_text=\u00a0\u00bbPrendre rendez-vous\u00a0\u00bb btn_url=\u00a0\u00bbhttp:\/\/revistoncorps.com\/index.php\/contact\/\u00a0\u00bb top_bg=\u00a0\u00bb#37b048\u2033 price_bg=\u00a0\u00bb#ffffff\u00a0\u00bb]<\/p>\n<ul>\n<li>10 s\u00e9ances d\u20191h (1 par mois)<\/li>\n<li>Mise en place de challenges mois apr\u00e8s mois<\/li>\n<li>Suivi personnalis\u00e9 par le coach minceur pendant 10 mois illimit\u00e9 (par mail ou t\u00e9l\u00e9phone)<\/li>\n<li>Conseils en naturo th\u00e9rapie inclus<\/li>\n<\/ul>\n<p>\u00a0<\/p>\n<p>\u00a0<\/p>\n<p>\u00a0<\/p>\n<p>\u00a0<\/p>\n<p>[\/na_price_listing][\/vc_column][vc_column width=\u00a0\u00bb1\/5\u2033][\/vc_column][\/vc_row][vc_row][vc_column width=\u00a0\u00bb1\/3\u2033][\/vc_column][vc_column width=\u00a0\u00bb1\/3\u2033][na_price_listing style=\u00a0\u00bbmega-price-table-5\u2033 price_title=\u00a0\u00bbS\u00e9ance d\u2019Iridologie (dur\u00e9e 1h)\u00a0\u00bb price_currency=\u00a0\u00bb\u20ac\u00a0\u00bb price_amount=\u00a0\u00bb35\u2033 price_plan=\u00a0\u00bbPrix T.T.C\u00a0\u00bb btn_text=\u00a0\u00bbPrendre rendez-vous\u00a0\u00bb btn_url=\u00a0\u00bbhttp:\/\/revistoncorps.com\/index.php\/contact\/\u00a0\u00bb top_bg=\u00a0\u00bb#37b048\u2033 price_bg=\u00a0\u00bb#ffffff\u00a0\u00bb]<\/p>\n<ul>\n<li>Analyse de l\u2019iris (appareil sp\u00e9cialis\u00e9)<\/li>\n<li>Conseils pratiques<\/li>\n<\/ul>\n<p>\u00a0<\/p>\n<p>\u00a0<\/p>\n<p>\u00a0<\/p>\n<p>\u00a0<\/p>\n<p>\u00a0<\/p>\n<p>[\/na_price_listing][\/vc_column][vc_column width=\u00a0\u00bb1\/3\u2033][\/vc_column][\/vc_row][vc_row css=\u00a0\u00bb.vc_custom_1507884306409{padding-bottom: 55px !important;}\u00a0\u00bb][vc_column width=\u00a0\u00bb1\/4\u2033][\/vc_column][vc_column width=\u00a0\u00bb1\/2\u2033][vc_empty_space height=\u00a0\u00bb35px\u00a0\u00bb][vc_tta_accordion style=\u00a0\u00bbmodern\u00a0\u00bb color=\u00a0\u00bbgreen\u00a0\u00bb c_icon=\u00a0\u00bbchevron\u00a0\u00bb active_section=\u00a0\u00bb0\u2033 collapsible_all=\u00a0\u00bbtrue\u00a0\u00bb][vc_tta_section title=\u00a0\u00bbConditions de r\u00e8glement\u00a0\u00bb tab_id=\u00a0\u00bb1507883362044-480f1f7e-0d12\u2033][vc_row_inner][vc_column_inner][vc_column_text]<\/p>\n<ul>\n<li>Ch\u00e8que ou esp\u00e8ce (facture sur demande)<\/li>\n<\/ul>\n<p>[\/vc_column_text][vc_column_text]<\/p>\n<ul>\n<li>S\u00e9ances de naturo-th\u00e9rapie et de PNN payables en une fois sur place<\/li>\n<\/ul>\n<p>[\/vc_column_text][vc_column_text]<\/p>\n<ul>\n<li>Coaching en PNN payable en une, trois, cinq ou dix fois<\/li>\n<\/ul>\n<p>[\/vc_column_text][\/vc_column_inner][\/vc_row_inner][\/vc_tta_section][\/vc_tta_accordion][\/vc_column][vc_column width=\u00a0\u00bb1\/4\u2033][\/vc_column][\/vc_row]<\/p>\n","protected":false},"excerpt":{"rendered":"<p>[vc_row css=\u00a0\u00bb.vc_custom_1507564231558{padding-top: 30px !important;}\u00a0\u00bb][vc_column][vc_column_text] Tarifs [\/vc_column_text][\/vc_column][\/vc_row][vc_row][vc_column width=\u00a0\u00bb1\/5\u2033][\/vc_column][vc_column width=\u00a0\u00bb1\/5\u2033][na_price_listing style=\u00a0\u00bbmega-price-table-5\u2033 price_title=\u00a0\u00bbNaturoth\u00e9rapie (dur\u00e9e 1h)\u00a0\u00bb price_currency=\u00a0\u00bb\u20ac\u00a0\u00bb price_amount=\u00a0\u00bb40\u2033 price_plan=\u00a0\u00bbPrix T.T.C\u00a0\u00bb btn_text=\u00a0\u00bbPrendre rendez-vous\u00a0\u00bb btn_url=\u00a0\u00bbhttp:\/\/revistoncorps.com\/index.php\/contact\/\u00a0\u00bb top_bg=\u00a0\u00bb#37b048\u2033 price_bg=\u00a0\u00bb#ffffff\u00a0\u00bb] Analyse du\/des probl\u00e8me(s) Conseils Soins par huiles essentielles si [&hellip;]<\/p>\n","protected":false},"author":1,"featured_media":0,"parent":0,"menu_order":0,"comment_status":"closed","ping_status":"closed","template":"page-templates\/template-canvas.php","meta":{"footnotes":""},"class_list":["post-19","page","type-page","status-publish","hentry"],"_links":{"self":[{"href":"https:\/\/revistoncorps.com\/index.php\/wp-json\/wp\/v2\/pages\/19"}],"collection":[{"href":"https:\/\/revistoncorps.com\/index.php\/wp-json\/wp\/v2\/pages"}],"about":[{"href":"https:\/\/revistoncorps.com\/index.php\/wp-json\/wp\/v2\/types\/page"}],"author":[{"embeddable":true,"href":"https:\/\/revistoncorps.com\/index.php\/wp-json\/wp\/v2\/users\/1"}],"replies":[{"embeddable":true,"href":"https:\/\/revistoncorps.com\/index.php\/wp-json\/wp\/v2\/comments?post=19"}],"version-history":[{"count":16,"href":"https:\/\/revistoncorps.com\/index.php\/wp-json\/wp\/v2\/pages\/19\/revisions"}],"predecessor-version":[{"id":1088,"href":"https:\/\/revistoncorps.com\/index.php\/wp-json\/wp\/v2\/pages\/19\/revisions\/1088"}],"wp:attachment":[{"href":"https:\/\/revistoncorps.com\/index.php\/wp-json\/wp\/v2\/media?parent=19"}],"curies":[{"name":"wp","href":"https:\/\/api.w.org\/{rel}","templated":true}]}}