{"id":1032,"date":"2019-09-27T11:00:30","date_gmt":"2019-09-27T09:00:30","guid":{"rendered":"http:\/\/revistoncorps.com\/?page_id=1032"},"modified":"2022-03-04T19:14:06","modified_gmt":"2022-03-04T18:14:06","slug":"liridologie","status":"publish","type":"page","link":"https:\/\/revistoncorps.com\/index.php\/liridologie\/","title":{"rendered":"L&rsquo;iridologie"},"content":{"rendered":"<p>[vc_row css=\u00a0\u00bb.vc_custom_1569575525877{padding-top: 35px !important;}\u00a0\u00bb][vc_column width=\u00a0\u00bb1\/6&Prime;][\/vc_column][vc_column width=\u00a0\u00bb4\/6&Prime;][vc_column_text]<\/p>\n<h2>L&rsquo;iridologie, qu&rsquo;est-ce que c&rsquo;est ?<\/h2>\n<p>[\/vc_column_text][\/vc_column][vc_column width=\u00a0\u00bb1\/6&Prime;][\/vc_column][\/vc_row][vc_row][vc_column width=\u00a0\u00bb1\/6&Prime;][\/vc_column][vc_column width=\u00a0\u00bb4\/6&Prime;][vc_column_text]L\u2019iridologie est une technique utilis\u00e9e pour \u00e9tudier la partie color\u00e9e de l\u2019\u0153il, l\u2019iris, pour appr\u00e9cier l\u2019\u00e9tat de sant\u00e9 global d\u2019une personne. En compl\u00e9ment de l\u2019analyse morphologique et de l&rsquo;\u00e9tude des ant\u00e9c\u00e9dents m\u00e9dicaux du patient, l\u2019iridologie est un outil majeur du naturopathe afin d\u2019appr\u00e9hender la vitalit\u00e9 d\u2019un individu, son \u00ab terrain \u00bb ainsi que ses forces et faiblesses organiques.<\/p>\n<p>D\u2019apr\u00e8s le proverbe, \u00ab les yeux sont le miroir de l\u2019\u00e2me \u00bb, ils seraient \u00e9galement le miroir du corps et de son \u00e9tat de sant\u00e9. Hippocrate, p\u00e8re de la m\u00e9decine, disait \u00e0 ce propos \u201ctel sont les yeux, tel est le corps\u201d.<\/p>\n<p>Les signes particuliers comme les taches, les d\u00e9p\u00f4ts, les bosses, les creux ou les couleurs agissent comme des indicateurs de faiblesses potentielles et de maladies. Par exemple, un iris bicolore soul\u00e8ve une possible pr\u00e9disposition au diab\u00e8te. Une tache blanche indiquerait un processus de vieillissement pr\u00e9matur\u00e9, voire une tendance \u00e0 l\u2019art\u00e9rioscl\u00e9rose.[\/vc_column_text][vc_empty_space][\/vc_column][vc_column width=\u00a0\u00bb1\/6&Prime;][\/vc_column][\/vc_row][vc_row][vc_column width=\u00a0\u00bb1\/6&Prime;][\/vc_column][vc_column width=\u00a0\u00bb2\/3&Prime;][vc_single_image image=\u00a0\u00bb1035&Prime; img_size=\u00a0\u00bblarge\u00a0\u00bb alignment=\u00a0\u00bbcenter\u00a0\u00bb][\/vc_column][vc_column width=\u00a0\u00bb1\/6&Prime;][\/vc_column][\/vc_row]<\/p>\n","protected":false},"excerpt":{"rendered":"<p>[vc_row css=\u00a0\u00bb.vc_custom_1569575525877{padding-top: 35px !important;}\u00a0\u00bb][vc_column width=\u00a0\u00bb1\/6&Prime;][\/vc_column][vc_column width=\u00a0\u00bb4\/6&Prime;][vc_column_text] L&rsquo;iridologie, qu&rsquo;est-ce que c&rsquo;est ? [\/vc_column_text][\/vc_column][vc_column width=\u00a0\u00bb1\/6&Prime;][\/vc_column][\/vc_row][vc_row][vc_column width=\u00a0\u00bb1\/6&Prime;][\/vc_column][vc_column width=\u00a0\u00bb4\/6&Prime;][vc_column_text]L\u2019iridologie est une technique utilis\u00e9e pour \u00e9tudier la partie color\u00e9e de l\u2019\u0153il, l\u2019iris, pour appr\u00e9cier l\u2019\u00e9tat [&hellip;]<\/p>\n","protected":false},"author":1,"featured_media":0,"parent":0,"menu_order":0,"comment_status":"closed","ping_status":"closed","template":"page-templates\/template-canvas.php","meta":{"footnotes":""},"class_list":["post-1032","page","type-page","status-publish","hentry"],"_links":{"self":[{"href":"https:\/\/revistoncorps.com\/index.php\/wp-json\/wp\/v2\/pages\/1032"}],"collection":[{"href":"https:\/\/revistoncorps.com\/index.php\/wp-json\/wp\/v2\/pages"}],"about":[{"href":"https:\/\/revistoncorps.com\/index.php\/wp-json\/wp\/v2\/types\/page"}],"author":[{"embeddable":true,"href":"https:\/\/revistoncorps.com\/index.php\/wp-json\/wp\/v2\/users\/1"}],"replies":[{"embeddable":true,"href":"https:\/\/revistoncorps.com\/index.php\/wp-json\/wp\/v2\/comments?post=1032"}],"version-history":[{"count":6,"href":"https:\/\/revistoncorps.com\/index.php\/wp-json\/wp\/v2\/pages\/1032\/revisions"}],"predecessor-version":[{"id":1034,"href":"https:\/\/revistoncorps.com\/index.php\/wp-json\/wp\/v2\/pages\/1032\/revisions\/1034"}],"wp:attachment":[{"href":"https:\/\/revistoncorps.com\/index.php\/wp-json\/wp\/v2\/media?parent=1032"}],"curies":[{"name":"wp","href":"https:\/\/api.w.org\/{rel}","templated":true}]}}